r = 353 + f. Let i = r + -58. List the prime factors of i.
2, 19
Let j be (2 + -32)*1*(-2)/(-3). Let f = j - -16. What are the prime factors of (-2)/8 + (-245)/f?
61
Let l(t) = -44*t**2 + 8 + 89*t**2 - 44*t**2 + 19*t. Let x be l(-20). Let u(r) = r**2 - 25*r + 13. What are the prime factors of u(x)?
97
Suppose 831*q - 832*q = -3*g - 14553, 0 = -2*q - 2*g + 29138. List the prime factors of q.
3, 5, 971
What are the prime factors of -1*9819/(-18)*10?
5, 1091
Suppose 37014 = 3*h + 3*d, 2622*d = -3*h + 2620*d + 37014. What are the prime factors of h?
2, 31, 199
Suppose 13 = 5*f - 7. Suppose -f*a + 5*t + 4 = -31, 0 = a - t - 9. List the prime factors of 45 - ((-16)/a - 18/(-30)).
2, 23
Let h be (-3)/(-18)*8*2*33. What are the prime factors of (-1748)/6*(-132)/h?
19, 23
Suppose -68*a - 3248 = -150536. What are the prime factors of a?
2, 3, 19
Let n = 637 + 1403. Suppose -34*c + 24*c + n = 0. List the prime factors of c.
2, 3, 17
Let d(g) = -104*g + 6022. List the prime factors of d(-55).
2, 3, 19, 103
Let h be (4/(-1) + -2615)/((-12)/8). Suppose -4*r + h = -1134. Suppose -4*t = 4*f - 576, 5*t + 3*f = 2*f + r. What are the prime factors of t?
2, 3
Let x be (-2)/10*2 + (-24)/(-10). Let v(u) = 28*u**2 - 27*u**x + 9 - 3*u + 8*u. What are the prime factors of v(-11)?
3, 5
Suppose -4*w - 3421 = -g, 5*w - 7 = 3. Let b = g - 1849. List the prime factors of b.
2, 5, 79
Let k be -9*(-9)/((-243)/(-12)). Suppose 0 = -3*z + 2*o + 30, -z + 9 = o + k. Suppose z*j - 967 = 1025. What are the prime factors of j?
3, 83
Suppose -15 = -2*a - 5*q, -4*q - 3 = 2*a - 17. Suppose -2*t + a*k - 371 + 1590 = 0, -5 = 5*k. List the prime factors of t.
607
Let l(d) = 953*d + 890. What are the prime factors of l(11)?
3, 17, 223
Suppose -2*n - p + 24164 = 0, -251*p + 249*p - 12072 = -n. List the prime factors of n.
2, 5, 151
Let a be (166/(-4))/((-14)/4 + 4). Let j be (-2*a/4)/(7/(-14)). Let t = -37 - j. What are the prime factors of t?
2, 23
Suppose 4*i + 5*a + 5 = 0, -2*i - 4*a - 8 = 2. Suppose -i*l + 2*l - 36 = 0. Let c = 32 + l. List the prime factors of c.
2, 5
Let x be 12/30 - 5/((-50)/36). Suppose 2367 = x*o + 615. What are the prime factors of o?
2, 3, 73
Let d be (-652)/16 - (-2)/(-8). Let h = -37 - d. Suppose -89 = h*q - 5*l - 492, 5*q - 473 = -4*l. List the prime factors of q.
97
Let w = -128 - -134. List the prime factors of (99/6)/(-3*w/(-324)).
3, 11
Let x(z) be the first derivative of z**4 + 3*z + 3 - 1/3*z**3 - 2*z**2. List the prime factors of x(2).
23
Suppose -3*o + 30 = 2*v, o - 15 = 18*v - 17*v. Suppose 19*g - o*g = 1918. List the prime factors of g.
2, 137
Suppose -4*k - 12 = -36. Let q(p) = 62*p - 68. List the prime factors of q(k).
2, 19
Let s(t) = 12*t + 7*t - 23 - t**3 + 13*t**2 - 12 + 0*t**3. Let f be s(14). Suppose z - 48 = f. List the prime factors of z.
83
Let q(z) = 4*z**2 - 164*z + 5479. List the prime factors of q(82).
3, 701
Let t(y) = -640*y**3 + 4*y**2 + 35*y + 65. List the prime factors of t(-2).
7, 733
Let l be (1 - 2 - -292 - 4) + -2. Let m = -96 + l. Suppose -2*y = -4*v - 3*y + m, 2*v - 102 = 2*y. List the prime factors of v.
2, 3
Let s = -6657 - -10003. List the prime factors of s.
2, 7, 239
Let c(i) = 2*i**2 - 149*i + 1666. What are the prime factors of c(131)?
43, 383
Let l be 5 + 15/5 + 3. Suppose -28 = -l*s + 49. Suppose 0 = i + 5*q + s, -i - 59 = -4*i + q. List the prime factors of i.
2, 3
Suppose -18*n + 12487 = -14513. What are the prime factors of n?
2, 3, 5
Let r(d) = -6*d - 31. Let p(u) = -u. Let a(m) = -5*p(m) + r(m). Let z be a(-29). What are the prime factors of (-260)/z*6/4?
3, 5, 13
Suppose 7*r - 43251 - 18538 = 0. List the prime factors of r.
7, 13, 97
Let c(h) = h**3 - 20*h**2 - h + 24. Suppose -4*t - 5*x + 70 = 0, 2*x + 44 = -t + 3*t. Let b be c(t). List the prime factors of 5/(-1) + b + 91.
2, 3, 5
Let f(j) = 86*j**2 + 37*j - 637. What are the prime factors of f(11)?
2, 3, 53
Let n(a) be the second derivative of 11*a**4/12 - 5*a**3/6 - 2*a**2 + 3*a - 8. List the prime factors of n(4).
2, 19
Suppose j - 25 = 66. Let g be 146*(-8)/(-16)*(2 + 0). Let p = g - j. List the prime factors of p.
5, 11
Let m(g) = 69*g**3 - g + 6. Let z be m(-2). Let t = -523 - z. What are the prime factors of t?
3, 7
Let l be -2*(1 + 0) - (109 - 116). Suppose l*f - 4*r - 1070 = -r, 3*f - 642 = 2*r. What are the prime factors of f?
2, 107
Let a = -6645 + 20733. List the prime factors of a.
2, 3, 587
Suppose -2*l - 8479 = 3*u - 35955, -5*l + 45790 = 5*u. List the prime factors of u.
2, 5, 229
Let y = -13 + -21. Let z = y + 338. List the prime factors of z.
2, 19
Let u = -200 - -105. Let w = -90 - u. Suppose 3*v - w*z - 36 - 164 = 0, -3*z = 3. What are the prime factors of v?
5, 13
Let m(f) = -f**3 + 30*f**2 - 1. Let g be m(30). Let d(l) be the third derivative of -29*l**4/24 - 5*l**3/6 + l**2. What are the prime factors of d(g)?
2, 3
Suppose m - 5*m - 28 = 0. What are the prime factors of (-9)/63 + (-799)/m - -3?
3, 13
Let c be (50448/56)/(2/14). Suppose 0*g = -6*g + c. List the prime factors of g.
1051
Let o = 130 - 157. List the prime factors of (-6*6/o)/((-3)/(-297)).
2, 3, 11
Suppose 0 = -36*m + 42*m - 444. Suppose 75*o - 195 = m*o. List the prime factors of o.
3, 5, 13
Let j be (-16)/(-3) - (2 - (-32)/(-12)). Suppose -280 = j*g + 512. Let s = g + 286. List the prime factors of s.
2, 7, 11
Let q be 3 - ((-84)/((-12)/(-3)) - -2). Suppose -4*g + q = 2*k, g - 3 = -5*k + 4*g. Suppose -h = 4*c - 143, -68 - 276 = -k*h + 5*c. List the prime factors of h.
3, 41
Suppose 0*c - y = -c - 28, -4*c - 5*y = 112. Let s = c + 49. Suppose k - 99 = s. List the prime factors of k.
2, 3, 5
Suppose -2*q = -3*m + 4079, -m - 5*q + 2*q = -1378. Suppose 1379 = 18*c - 15*c - r, -3*c + 5*r + m = 0. List the prime factors of c.
461
Let t(a) = 15361*a**3 - 10*a**2 + 18*a - 8. List the prime factors of t(1).
15361
Let x(c) = -173 - 13*c**2 + 19*c - 168 + 498 - 168 - c**3. Suppose -4*i - 4*y = 72, -i - 1 = 5*y + 29. What are the prime factors of x(i)?
2, 7, 11
Let j(m) = -10641*m + 1712. What are the prime factors of j(-2)?
2, 11497
Let d = 109275 + -65258. What are the prime factors of d?
44017
What are the prime factors of 7465/2 + ((-126)/6)/(-42)?
3733
Let h be 9/(15/(-5)) + 1 + 37. Suppose 0 = 3*v - 3*c + 2*c - h, 0 = -4*c + 4. List the prime factors of v.
2, 3
Let d be (-15)/10 + 9/6. Suppose -2*p - 5*p - 21 = d. List the prime factors of 689/13 - 3*(p + 2).
2, 7
Suppose 78 = -i + 270. Suppose 2*b = -6*b - i. Let t = b - -55. List the prime factors of t.
31
Let d(z) = -320*z - 44. Let v be d(-4). Suppose 2*m - 824 = v. What are the prime factors of m?
2, 5, 103
Let l = -41 + 112. Let d = -76 + l. Let u(c) = c**2 - 3*c - 10. What are the prime factors of u(d)?
2, 3, 5
Let d(n) = 7*n + 255. Let z be d(-37). List the prime factors of (3*127)/(5 + z).
3, 127
Let a be 3 + (-2)/(3 - 4). Let b(t) = -17*t + 29. Let o(j) = 17*j - 26. Let s(m) = 5*b(m) + 6*o(m). What are the prime factors of s(a)?
2, 37
Let t be 10*3*(176/(-12))/(-2). Suppose 208 = -6*n + t. List the prime factors of n.
2
Suppose 0*b + b = 2, 5*b - 25 = -3*y. Suppose 3*t - 18 = 4*l, -4*l = 182 - 158. List the prime factors of -66*t/6*(12 - y).
2, 7, 11
Suppose 7*k + 11*d + 148424 = 9*k, 2*k - 148424 = -2*d. List the prime factors of k.
2, 18553
Let v be ((-21)/(-105))/(1/305). Suppose -v*z - 2480 = -66*z. What are the prime factors of z?
2, 31
Let c = 22 - 26. Let n be 2002/28 - 2/c. Let g = n + -17. What are the prime factors of g?
5, 11
Suppose 3*o + 15 = w, -12 = -5*w + w. What are the prime factors of ((-610)/o)/((-43)/(-86))?
5, 61
Suppose 2*q + 36 = -k, -k + 15 = -q - 9. Let d(b) be the first derivative of b**3/3 + 15*b**2/2 - 46*b - 299. List the prime factors of d(q).
2, 3
Let q(k) = k**2 - 8*k + 15. Let a be q(6). Suppose 5*p - 1043 = -2*i, a*i + 7*p - 6*p = 1584. List the prime factors of i.
23
Let h(o) = -o**2 - 15*o - 5. Let w(d) = -d**2 - 18*d - 5. Let i(f) = -5*h(f) + 4*w(f). What are the prime factors of i(7)?
3, 5
Suppose 0 = -3*t + t - 3*u + 577, 0 = 4*u + 4. Let h = 436 - t. Let f = 231 - h. What are the prime factors of f?
5, 17
Let h(o) = 180*o**2 + 13*o - 9. What are the prime factors of h(-6)?
3, 2131
Suppose 3*v = -5*n + 30, -3*n + 1 = -2*v + 2. Let u be (-42)/(-11) - 2*n/(-33). List the pri